) = -s**2 + 11*s - 6. Let h be o(10). Suppose 0 = 3*r - 2*c + 6*c - 10, 2*r - h*c - 40 = 0. Is 110/6 + r/15 prime?
True
Let i be -10*(2 + 60/(-25)). Suppose -i*r - l + 8632 = 0, 6 = -l + 2. Is r a composite number?
True
Let p(j) = 15*j**2 + 11*j + 11. Let w be ((-5 - -6) + -2)*1*6. Is p(w) composite?
True
Let q(g) be the second derivative of 55*g**3/6 + 2*g**2 + 4*g. Let s be q(9). Suppose -v = -2*v + 5, -3*v + s = 4*p. Is p composite?
True
Let j = 47588 + -23857. Is j prime?
False
Let h be -6*(1/3*1)/(-1). Is 2/(h/8 - (-5800)/(-23456)) a composite number?
False
Suppose -s + t = 5, -5*s = 5*t - 25 + 80. Is s + 387 + (-2 - 0) composite?
True
Suppose -3*j - 5*y + 8141 = 0, -4*y = -230*j + 235*j - 13590. Is j a composite number?
True
Suppose 2*z + 4 - 26 = 0. Let r = z + -10. Let y = r - -64. Is y composite?
True
Let d be (-2)/((2/(-2))/2). Suppose v + 85 = -d*v - 3*c, -2*v - 60 = -4*c. Is 102 - 9/(45/v) a composite number?
True
Let z(b) = 1620*b**2 - 43*b - 79. Is z(-2) a composite number?
True
Let k be (-284)/(-2*2/8). Let j be (-1)/(k/188 - 3). Let y = j - -90. Is y composite?
False
Let g(b) = b**3 - 4*b**2 - 4. Let m be g(4). Is ((-7)/m)/7*1948 a composite number?
False
Suppose 925 = -6*r + r. Let u = -622 - -348. Let q = r - u. Is q composite?
False
Let n = 3032 - -1169. Is n a prime number?
True
Let b = 239 - 52. Is b composite?
True
Suppose -5*w + 79418 = -48267. Is w composite?
False
Suppose -16645 = -2*t + 3*i, -4*i = -4*t - 2*i + 33286. Is t prime?
False
Let i = -72 + 127. Let s = 86 - i. Is s a prime number?
True
Let c(n) = 6*n**2 + 9*n - 10. Let v be c(5). Suppose 5*m - 1000 = -v. Is m prime?
True
Let m(c) = c**3 + 5*c**2 + 6*c + 3. Let t be m(-2). Suppose t*f + f = 4*h + 256, -3*h = 3*f - 162. Is f a composite number?
False
Is 30/3 - (-7424 - -31) prime?
False
Let u = -8 + 10. Let c be (2/u)/((-7)/(-14)). Suppose c*t = p - 57, 0 = 4*p - 2*t + 4*t - 278. Is p a composite number?
False
Let t = 275 + 298. Is t a composite number?
True
Let r = -85 + 70. Let l(m) = -m**3 - 13*m**2 + 10*m - 5. Is l(r) a prime number?
False
Let w be ((-8)/(-14))/((-4)/14). Is (5 - w)*(2 + 71) prime?
False
Let l(z) = -426*z - 115. Is l(-8) a composite number?
True
Let f(x) = 8*x**2 - 8 + 0*x + 27 + 30*x**2 + 2*x. Is f(-13) a prime number?
False
Let v(j) be the third derivative of 17*j**5/60 + 17*j**4/24 + 13*j**3/6 + 5*j**2. Let f be v(-18). Suppose -7*n = -2*n - f. Is n prime?
False
Let l(g) = -114*g + 1. Let a(r) = -17*r + 5. Let w(d) = -8*d + 3. Let h(t) = -6*a(t) + 13*w(t). Let o be h(5). Is l(o) composite?
True
Let q(o) = 57*o - 8. Let s be q(-6). Is s/(-2) - (-1 - 2) a prime number?
False
Suppose 0 = 38*k - 1238 - 1308. Is k prime?
True
Suppose 4*j - 5*l + 9 = 0, -j + 5*l = 4*j + 5. Suppose j*f = 2*f - 856. Is f/(-8) - 3/6 a composite number?
False
Let h = -12762 + 21083. Is h prime?
False
Let y be 353 + 5 + 1 + -3. Let f = 1135 - y. Let x = 1110 - f. Is x prime?
True
Suppose 4 = 2*w - 0. Let c(y) = -y**2 - 4*y + 3. Let p be c(w). Let h = 35 + p. Is h a composite number?
True
Suppose -10*p + 6295 = -5*p. Is p composite?
False
Suppose 0 = 20*c + c - 94479. Is c prime?
False
Let z be 2/5 - (-15)/25. Let g(q) = 630*q**2 - 1. Is g(z) prime?
False
Let t(j) = 4*j**2 + 6*j - 2. Let p be t(-2). Is (-2349*p)/(-3) - -1 a prime number?
True
Let x(a) = 105*a - 5. Suppose 3*u - d = -2*d + 9, -5*u = d - 13. Is x(u) a prime number?
False
Let r(u) = u + 5. Let d be r(-5). Let s be d + (3 - (-1 + 7)). Is (-2)/(-2)*(86 + s) a composite number?
False
Let j = -4296 + 8345. Is j composite?
False
Is (-6)/(-45) - 8935682/(-210) a composite number?
True
Suppose 2*i - 180 - 2412 = 0. Suppose -2*p = -p - i. Let w = -811 + p. Is w prime?
False
Let m(d) = -3*d - 29. Let l be m(-11). Suppose 2*h + 8712 = l*w, 3*h + h - 4366 = -2*w. Is w composite?
False
Suppose 0*h = 3*h + 60. Let t = h + 19. Is t*(-3 + 4 + -258) a composite number?
False
Let l(p) = 1880*p**2 + 3*p + 2. Let w be l(-1). Suppose 2429 + w = 4*x. Is x prime?
False
Let m = -3989 - -6808. Is m a composite number?
False
Let n = -30782 + 44820. Is n a prime number?
False
Is ((-35142)/(-8) - -4) + (-2)/(-8) a composite number?
False
Let q(u) = 18 + 19 + 29 - 9 + 30*u. Is q(16) composite?
True
Suppose 35553 = 18*l + 3*l. Is l a prime number?
True
Is 32658/7 + (-392)/(-686) prime?
False
Let r(g) = -g - 11. Let i be r(-11). Suppose h = 4*c - 146, i = -4*c + 2*c + 4*h + 66. Let y = 0 + c. Is y composite?
False
Let l = -6 - -5. Let d be (-1212)/30*(l - -6). Let v = d + 1071. Is v a composite number?
True
Let d(l) = -l**3 + 4*l**2 - 5*l + 5. Let y be d(2). Suppose y*k = -4*i + 190, -5*k + 49 = i + 10. Is i a prime number?
False
Let f = -2025 + 9638. Is f a prime number?
False
Let m(u) = 76*u + 1. Let y(c) = -77*c - 2. Let k(g) = -5*m(g) - 6*y(g). Is k(3) composite?
True
Let c(g) = 3*g + 8. Let o be c(-6). Let w = o - -13. Is 1 - -37*9 - w a composite number?
False
Let u = 194760 + -131549. Is u prime?
True
Let s(k) = k**3 + 4*k**2 - 3*k - 6. Let d be s(-4). Let h = 6 - d. Suppose 7*o - 4*o - 201 = h. Is o prime?
True
Let t(q) = -867*q + 23. Let z be t(2). Is 1*(-5 - -3 - z) prime?
True
Let d = -12 - -12. Suppose -4*s + i + 1624 = -d*s, 3*i = 5*s - 2030. Suppose 2*o - s = -0*o. Is o a composite number?
True
Let d(m) be the third derivative of -45*m**4 + 19*m**3/6 + 20*m**2. Is d(-8) composite?
True
Let f(k) = 51*k**3 + 2*k**2 + 3*k - 7. Is f(3) a prime number?
False
Suppose -27 = 5*n - 7, -2*n = -2*i + 10602. Is i a composite number?
False
Let v be 247/(-104) + (-6)/(-16). Let j(k) = -370*k + 3. Is j(v) prime?
True
Let h(w) = 3471 + 3*w + 3076 + 5*w - 6*w. Is h(0) a composite number?
False
Suppose 0 = -4*b + 50 + 3122. Suppose -3*v + 14 = 35. Is v/(28/(-16)) + b composite?
False
Suppose 0 = 3*l + 3*y - 33, 4*l = 2*y - 2 + 22. Suppose l*t = 3*t + 480. Suppose -t = -5*s + 875. Is s a composite number?
False
Let i be (5313 - -1) + 3 - -1. Suppose -i = -2*y - 1164. Is y composite?
True
Let z(y) = -3*y + 5. Let m(o) = 3*o - 4. Let f(p) = -3*m(p) - 2*z(p). Let c be f(2). Is (-493)/(-9) + c/(-18) a composite number?
True
Let m = -3088 - -5580. Let c = m + -1485. Is c composite?
True
Let a(l) = 14*l**2 + 3*l - 9. Let q be -7 + (-58)/(-8) + 82/(-8). Is a(q) a prime number?
True
Let c be 14499/7 - -9*8/(-252). Let u = -984 + c. Is u a prime number?
True
Is (-6 + 12 - 11) + 26376/1 a composite number?
False
Let v = 31 + -28. Suppose 2*g = 5*l + v*g - 2916, 1167 = 2*l + g. Is l composite?
True
Let n = -15 - -19. Suppose -5*v = -3*v - n. Suppose v*f = 3*w - 57, -3*w + 4*f + 57 = 6*f. Is w a composite number?
False
Let o = -10 + 16. Let s(v) = 8*v + 7. Is s(o) a prime number?
False
Let l = 0 - 0. Suppose l*x - 8 = -2*x. Suppose -x*t = -166 - 54. Is t a composite number?
True
Suppose 0 = -3*l - 5*z - 13, 5*l = 5*z - z + 40. Suppose 4*p = l, -q = -0*p + 2*p - 391. Is q composite?
False
Let n(r) = 2*r**3 - 6*r**2 - 7*r + 6. Let g(t) = 2*t**2 - 2*t + 2. Let k be g(2). Let q be (k/(-4))/(9/(-30)). Is n(q) a composite number?
False
Let k = 8245 - 5602. Is k/3 - (-17 + 1)/(-4) composite?
False
Let x = 27157 - 6152. Is x a composite number?
True
Let o = -59 - -59. Is 2 + 0 - o/6 - -869 a prime number?
False
Suppose 18*t - 14*t - 377684 = -4*v, -94421 = -v - 2*t. Is v a prime number?
True
Suppose -4*d = 45 - 229. Is (d/4)/((-5)/(-290)) prime?
False
Let x = 1 - 1. Suppose j + x = -17. Let u = 54 + j. Is u a composite number?
False
Suppose z = -0*a + 5*a + 9028, -z = -2*a - 3613. Let r = a - -2542. Is r prime?
False
Let c(a) = a - 1790. Let i be c(0). Let w = 2509 + i. Is w a prime number?
True
Let u be (-3)/2*6660/27. Is (u/(-20))/(1/14) a composite number?
True
Let z(f) = 8*f**2 + 11*f - 3 + 11 - f**3 - 13*f. Let y = 4 - -3. Is z(y) a prime number?
True
Let v(s) = 5660*s + 129. Is v(4) a prime number?
True
Let v = -941 - -1387. Is v prime?
False
Suppose 214 = -15*l + 16*l. Let m = 1427 - l. Is m composite?
False
Suppose -4102 = -5*p - 1407. Suppose 2*b - p = 3*s + 135, b = s + 336. Is b composite?
True
Let w be (1*2)/(1/4). Suppose -152 = -w*f + 152. Is f composite?
True
Let a be ((-111)/2)/(3/(-10)). Let b be (-2)/7 - a/(-35). Suppose -4*s = -b*u + 473, -5*s - 120 = -u - 38. Is u composite?
False
Let w be (-4)/(-14) + 10/(-35). Suppose -8*p + 13*